 tens digit of 1988115?
1
What is the units digit of 131515?
5
What is the hundred thousands digit of 12442563?
4
What is the millions digit of 4648851?
4
What is the millions digit of 31201962?
1
What is the units digit of 2998238?
8
What is the hundreds digit of 388759?
7
What is the hundreds digit of 6717252?
2
What is the tens digit of 320361?
6
What is the thousands digit of 270993?
0
What is the thousands digit of 15446760?
6
What is the thousands digit of 3826510?
6
What is the ten thousands digit of 2662170?
6
What is the tens digit of 661555?
5
What is the units digit of 993573?
3
What is the hundred thousands digit of 339335?
3
What is the ten thousands digit of 908853?
0
What is the millions digit of 5579016?
5
What is the hundreds digit of 59105?
1
What is the hundreds digit of 3286?
2
What is the tens digit of 3240453?
5
What is the ten millions digit of 18381496?
1
What is the thousands digit of 238621?
8
What is the thousands digit of 396583?
6
What is the tens digit of 20143669?
6
What is the ten thousands digit of 2527333?
2
What is the hundred thousands digit of 1687535?
6
What is the hundred thousands digit of 492768?
4
What is the ten thousands digit of 8973235?
7
What is the tens digit of 37230?
3
What is the hundreds digit of 14936723?
7
What is the units digit of 820183?
3
What is the units digit of 108561?
1
What is the hundreds digit of 21262345?
3
What is the hundred thousands digit of 13449913?
4
What is the millions digit of 1953496?
1
What is the millions digit of 29556418?
9
What is the tens digit of 4881171?
7
What is the units digit of 543562?
2
What is the hundreds digit of 304717?
7
What is the tens digit of 402747?
4
What is the hundred thousands digit of 3229009?
2
What is the tens digit of 389461?
6
What is the hundred thousands digit of 2403882?
4
What is the units digit of 522599?
9
What is the units digit of 15579497?
7
What is the millions digit of 14148637?
4
What is the ten thousands digit of 104502?
0
What is the ten thousands digit of 168142?
6
What is the hundreds digit of 2695417?
4
What is the ten thousands digit of 9056326?
5
What is the tens digit of 87541?
4
What is the units digit of 26090966?
6
What is the hundreds digit of 610666?
6
What is the hundreds digit of 379094?
0
What is the ten thousands digit of 276162?
7
What is the ten thousands digit of 9467471?
6
What is the millions digit of 2988625?
2
What is the ten thousands digit of 24230311?
3
What is the hundred thousands digit of 1293446?
2
What is the millions digit of 2939957?
2
What is the ten millions digit of 14026348?
1
What is the hundred thousands digit of 206008?
2
What is the ten thousands digit of 1723336?
2
What is the ten thousands digit of 1250559?
5
What is the millions digit of 4171161?
4
What is the hundred thousands digit of 9882517?
8
What is the units digit of 7081122?
2
What is the millions digit of 1094727?
1
What is the hundred thousands digit of 323471?
3
What is the hundred thousands digit of 11959930?
9
What is the hundred thousands digit of 757316?
7
What is the units digit of 3160300?
0
What is the tens digit of 2562206?
0
What is the thousands digit of 98725?
8
What is the hundreds digit of 40999?
9
What is the ten thousands digit of 425913?
2
What is the units digit of 121551?
1
What is the thousands digit of 400670?
0
What is the tens digit of 233373?
7
What is the thousands digit of 5399433?
9
What is the ten thousands digit of 122020?
2
What is the units digit of 65712?
2
What is the hundred thousands digit of 639185?
6
What is the tens digit of 224136?
3
What is the tens digit of 48090?
9
What is the tens digit of 249218?
1
What is the ten thousands digit of 1007525?
0
What is the thousands digit of 28726?
8
What is the thousands digit of 1824519?
4
What is the units digit of 484703?
3
What is the units digit of 160693?
3
What is the ten thousands digit of 273617?
7
What is the hundred thousands digit of 609742?
6
What is the hundreds digit of 4885672?
6
What is the hundred thousands digit of 268782?
2
What is the thousands digit of 1880019?
0
What is the hundreds digit of 2269551?
5
What is the units digit of 7094785?
5
What is the ten thousands digit of 154134?
5
What is the hundreds digit of 566309?
3
What is the hundred thousands digit of 262392?
2
What is the ten millions digit of 17253720?
1
What is the thousands digit of 204615?
4
What is the hundred thousands digit of 897784?
8
What is the hundreds digit of 1191874?
8
What is the thousands digit of 36829952?
9
What is the units digit of 1521257?
7
What is the units digit of 9505295?
5
What is the tens digit of 5188407?
0
What is the tens digit of 59613?
1
What is the ten thousands digit of 1502567?
0
What is the tens digit of 4827260?
6
What is the hundreds digit of 262687?
6
What is the ten thousands digit of 97253?
9
What is the units digit of 218905?
5
What is the tens digit of 13619171?
7
What is the tens digit of 315488?
8
What is the units digit of 115779?
9
What is the millions digit of 1668567?
1
What is the hundred thousands digit of 217097?
2
What is the ten thousands digit of 1388786?
8
What is the ten thousands digit of 262957?
6
What is the thousands digit of 97357?
7
What is the thousands digit of 72991?
2
What is the tens digit of 570146?
4
What is the hundreds digit of 44982?
9
What is the thousands digit of 116456?
6
What is the units digit of 1186794?
4
What is the thousands digit of 1525269?
5
What is the units digit of 1120853?
3
What is the millions digit of 3622302?
3
What is the tens digit of 7117427?
2
What is the tens digit of 159417?
1
What is the hundreds digit of 12682197?
1
What is the thousands digit of 7386634?
6
What is the thousands digit of 204518?
4
What is the units digit of 430841?
1
What is the thousands digit of 4365398?
5
What is the hundreds digit of 24972259?
2
What is the hundred thousands digit of 2793015?
7
What is the ten thousands digit of 339695?
3
What is the hundreds digit of 2025505?
5
What is the millions digit of 6240014?
6
What is the hundreds digit of 59329?
3
What is the ten thousands digit of 825405?
2
What is the units digit of 11230833?
3
What is the millions digit of 1803943?
1
What is the units digit of 884329?
9
What is the thousands digit of 190230?
0
What is the ten thousands digit of 246512?
4
What is the hundred thousands digit of 12585755?
5
What is the ten thousands digit of 22651?
2
What is the thousands digit of 2489381?
9
What is the hundreds digit of 15365188?
1
What is the units digit of 63322?
2
What is the millions digit of 8701649?
8
What is the thousands digit of 2808395?
8
What is the units digit of 403150?
0
What is the millions digit of 9355643?
9
What is the hundreds digit of 11897916?
9
What is the units digit of 10690625?
5
What is the thousands digit of 6104084?
4
What is the hundred thousands digit of 18057359?
0
What is the hundreds digit of 490426?
4
What is the thousands digit of 6435649?
5
What is the units digit of 1339817?
7
What is the hundred thousands digit of 14173933?
1
What is the thousands digit of 112940?
2
What is the tens digit of 2191403?
0
What is the units digit of 4092596?
6
What is the thousands digit of 217477?
7
What is the ten thousands digit of 302080?
0
What is the hundreds digit of 209029?
0
What is the ten thousands digit of 642440?
4
What is the thousands digit of 6746993?
6
What is the ten thousands digit of 7299611?
9
What is the hundred thousands digit of 13089996?
0
What is the hundreds digit of 2527815?
8
What is the tens digit of 61854?
5
What is the hundred thousands digit of 1051053?
0
What is the hundreds digit of 415439?
4
What is the tens digit of 1275479?
7
What is the thousands digit of 94518?
4
What is the ten thousands digit of 96665?
9
What is the thousands digit of 311555?
1
What is the ten thousands digit of 6890274?
9
What is the thousands digit of 602536?
2
What is the hundred thousands digit of 219996?
2
What is the ten millions digit of 12643571?
1
What is the hundred thousands digit of 765267?
7
What is the tens digit of 176544?
4
What is the ten thousands digit of 12252099?
5
What is the tens digit of 3310468?
6
What is the thousands digit of 8497794?
7
What is the units digit of 18062379?
9
What is the